{"id":386,"date":"2016-02-06T15:47:34","date_gmt":"2016-02-06T15:47:34","guid":{"rendered":"https:\/\/locamaxime.com\/?page_id=386"},"modified":"2025-04-18T17:51:18","modified_gmt":"2025-04-18T15:51:18","slug":"location-appartements-sainte-maxime","status":"publish","type":"page","link":"https:\/\/locamaxime.com\/index.php\/location-appartements-sainte-maxime\/","title":{"rendered":"Propri\u00e9t\u00e9s"},"content":{"rendered":"<h1>Location d&rsquo;appartements et villas \u00e0 Sainte-Maxime<\/h1>\n<p>Locamaxime vous propose de d\u00e9couvrir sa <a href=\"https:\/\/locamaxime.com\/index.php\/location-appartements-sainte-maxime\/\">liste d&rsquo;appartements meubl\u00e9s<\/a> \u00e0 Sainte-Maxime.<\/p>\n<h2><strong>Location \u00e0 l&rsquo;ann\u00e9e<\/strong><\/h2>\n<ul>\n<li>Des logements situ\u00e9s proches des commerces<\/li>\n<li>A 5 minutes des plages<\/li>\n<li>Dans des r\u00e9sidences s\u00e9curis\u00e9s<\/li>\n<li>Logements avec parking ou garage<\/li>\n<li>Parcs arbor\u00e9s<\/li>\n<li>Piscine<\/li>\n<li>Gardiennage&#8230;<\/li>\n<\/ul>\n<p>Suivez nos annonces sur <a href=\"https:\/\/www.facebook.com\/profile.php?id=61559969128270\">Facebook<\/a> !<\/p>\n","protected":false},"excerpt":{"rendered":"<p>Location d&rsquo;appartements et villas \u00e0 Sainte-Maxime Locamaxime vous propose de d\u00e9couvrir sa liste d&rsquo;appartements meubl\u00e9s \u00e0 Sainte-Maxime. Location \u00e0 l&rsquo;ann\u00e9e Des logements situ\u00e9s proches des commerces A 5 minutes des plages Dans des r\u00e9sidences s\u00e9curis\u00e9s Logements avec parking ou garage Parcs arbor\u00e9s Piscine Gardiennage&#8230; Suivez nos annonces sur Facebook !<\/p>\n","protected":false},"author":1,"featured_media":1566,"parent":0,"menu_order":0,"comment_status":"closed","ping_status":"closed","template":"blog-property.php","meta":{"_monsterinsights_skip_tracking":false,"_monsterinsights_sitenote_active":false,"_monsterinsights_sitenote_note":"","_monsterinsights_sitenote_category":0,"footnotes":""},"class_list":["post-386","page","type-page","status-publish","has-post-thumbnail","hentry"],"yoast_head":"<!-- This site is optimized with the Yoast SEO plugin v27.4 - https:\/\/yoast.com\/product\/yoast-seo-wordpress\/ -->\n<title>Propri\u00e9t\u00e9s - Appartements \u00e0 louer \u00e0 Sainte-Maxime<\/title>\n<meta name=\"description\" content=\"Recherchez une location d&#039;appartement \u00e0 Sainte-Maxime. Consultez nos appartements meubl\u00e9s en centre ville dans des r\u00e9sidences s\u00e9curis\u00e9es.\" \/>\n<meta name=\"robots\" content=\"index, follow, max-snippet:-1, max-image-preview:large, max-video-preview:-1\" \/>\n<link rel=\"canonical\" href=\"https:\/\/locamaxime.com\/index.php\/location-appartements-sainte-maxime\/\" \/>\n<meta property=\"og:locale\" content=\"fr_FR\" \/>\n<meta property=\"og:type\" content=\"article\" \/>\n<meta property=\"og:title\" content=\"Propri\u00e9t\u00e9s - Appartements \u00e0 louer \u00e0 Sainte-Maxime\" \/>\n<meta property=\"og:description\" content=\"Recherchez une location d&#039;appartement \u00e0 Sainte-Maxime. Consultez nos appartements meubl\u00e9s en centre ville dans des r\u00e9sidences s\u00e9curis\u00e9es.\" \/>\n<meta property=\"og:url\" content=\"https:\/\/locamaxime.com\/index.php\/location-appartements-sainte-maxime\/\" \/>\n<meta property=\"og:site_name\" content=\"Appartements \u00e0 louer \u00e0 Sainte-Maxime\" \/>\n<meta property=\"article:modified_time\" content=\"2025-04-18T15:51:18+00:00\" \/>\n<meta property=\"og:image\" content=\"https:\/\/locamaxime.com\/wp-content\/uploads\/2024\/05\/icon-locamaxime.png\" \/>\n\t<meta property=\"og:image:width\" content=\"2108\" \/>\n\t<meta property=\"og:image:height\" content=\"2109\" \/>\n\t<meta property=\"og:image:type\" content=\"image\/png\" \/>\n<meta name=\"twitter:card\" content=\"summary_large_image\" \/>\n<meta name=\"twitter:label1\" content=\"Dur\u00e9e de lecture estim\u00e9e\" \/>\n\t<meta name=\"twitter:data1\" content=\"1 minute\" \/>\n<script type=\"application\/ld+json\" class=\"yoast-schema-graph\">{\"@context\":\"https:\\\/\\\/schema.org\",\"@graph\":[{\"@type\":\"WebPage\",\"@id\":\"https:\\\/\\\/locamaxime.com\\\/index.php\\\/location-appartements-sainte-maxime\\\/\",\"url\":\"https:\\\/\\\/locamaxime.com\\\/index.php\\\/location-appartements-sainte-maxime\\\/\",\"name\":\"Propri\u00e9t\u00e9s - Appartements \u00e0 louer \u00e0 Sainte-Maxime\",\"isPartOf\":{\"@id\":\"https:\\\/\\\/locamaxime.com\\\/#website\"},\"primaryImageOfPage\":{\"@id\":\"https:\\\/\\\/locamaxime.com\\\/index.php\\\/location-appartements-sainte-maxime\\\/#primaryimage\"},\"image\":{\"@id\":\"https:\\\/\\\/locamaxime.com\\\/index.php\\\/location-appartements-sainte-maxime\\\/#primaryimage\"},\"thumbnailUrl\":\"https:\\\/\\\/locamaxime.com\\\/wp-content\\\/uploads\\\/2024\\\/05\\\/icon-locamaxime.png\",\"datePublished\":\"2016-02-06T15:47:34+00:00\",\"dateModified\":\"2025-04-18T15:51:18+00:00\",\"description\":\"Recherchez une location d'appartement \u00e0 Sainte-Maxime. Consultez nos appartements meubl\u00e9s en centre ville dans des r\u00e9sidences s\u00e9curis\u00e9es.\",\"breadcrumb\":{\"@id\":\"https:\\\/\\\/locamaxime.com\\\/index.php\\\/location-appartements-sainte-maxime\\\/#breadcrumb\"},\"inLanguage\":\"fr-FR\",\"potentialAction\":[{\"@type\":\"ReadAction\",\"target\":[\"https:\\\/\\\/locamaxime.com\\\/index.php\\\/location-appartements-sainte-maxime\\\/\"]}]},{\"@type\":\"ImageObject\",\"inLanguage\":\"fr-FR\",\"@id\":\"https:\\\/\\\/locamaxime.com\\\/index.php\\\/location-appartements-sainte-maxime\\\/#primaryimage\",\"url\":\"https:\\\/\\\/locamaxime.com\\\/wp-content\\\/uploads\\\/2024\\\/05\\\/icon-locamaxime.png\",\"contentUrl\":\"https:\\\/\\\/locamaxime.com\\\/wp-content\\\/uploads\\\/2024\\\/05\\\/icon-locamaxime.png\",\"width\":2108,\"height\":2109},{\"@type\":\"BreadcrumbList\",\"@id\":\"https:\\\/\\\/locamaxime.com\\\/index.php\\\/location-appartements-sainte-maxime\\\/#breadcrumb\",\"itemListElement\":[{\"@type\":\"ListItem\",\"position\":1,\"name\":\"Accueil\",\"item\":\"https:\\\/\\\/locamaxime.com\\\/\"},{\"@type\":\"ListItem\",\"position\":2,\"name\":\"Propri\u00e9t\u00e9s\"}]},{\"@type\":\"WebSite\",\"@id\":\"https:\\\/\\\/locamaxime.com\\\/#website\",\"url\":\"https:\\\/\\\/locamaxime.com\\\/\",\"name\":\"Appartements \u00e0 louer \u00e0 Sainte-Maxime\",\"description\":\"\",\"potentialAction\":[{\"@type\":\"SearchAction\",\"target\":{\"@type\":\"EntryPoint\",\"urlTemplate\":\"https:\\\/\\\/locamaxime.com\\\/?s={search_term_string}\"},\"query-input\":{\"@type\":\"PropertyValueSpecification\",\"valueRequired\":true,\"valueName\":\"search_term_string\"}}],\"inLanguage\":\"fr-FR\"}]}<\/script>\n<!-- \/ Yoast SEO plugin. -->","yoast_head_json":{"title":"Propri\u00e9t\u00e9s - Appartements \u00e0 louer \u00e0 Sainte-Maxime","description":"Recherchez une location d'appartement \u00e0 Sainte-Maxime. Consultez nos appartements meubl\u00e9s en centre ville dans des r\u00e9sidences s\u00e9curis\u00e9es.","robots":{"index":"index","follow":"follow","max-snippet":"max-snippet:-1","max-image-preview":"max-image-preview:large","max-video-preview":"max-video-preview:-1"},"canonical":"https:\/\/locamaxime.com\/index.php\/location-appartements-sainte-maxime\/","og_locale":"fr_FR","og_type":"article","og_title":"Propri\u00e9t\u00e9s - Appartements \u00e0 louer \u00e0 Sainte-Maxime","og_description":"Recherchez une location d'appartement \u00e0 Sainte-Maxime. Consultez nos appartements meubl\u00e9s en centre ville dans des r\u00e9sidences s\u00e9curis\u00e9es.","og_url":"https:\/\/locamaxime.com\/index.php\/location-appartements-sainte-maxime\/","og_site_name":"Appartements \u00e0 louer \u00e0 Sainte-Maxime","article_modified_time":"2025-04-18T15:51:18+00:00","og_image":[{"width":2108,"height":2109,"url":"https:\/\/locamaxime.com\/wp-content\/uploads\/2024\/05\/icon-locamaxime.png","type":"image\/png"}],"twitter_card":"summary_large_image","twitter_misc":{"Dur\u00e9e de lecture estim\u00e9e":"1 minute"},"schema":{"@context":"https:\/\/schema.org","@graph":[{"@type":"WebPage","@id":"https:\/\/locamaxime.com\/index.php\/location-appartements-sainte-maxime\/","url":"https:\/\/locamaxime.com\/index.php\/location-appartements-sainte-maxime\/","name":"Propri\u00e9t\u00e9s - Appartements \u00e0 louer \u00e0 Sainte-Maxime","isPartOf":{"@id":"https:\/\/locamaxime.com\/#website"},"primaryImageOfPage":{"@id":"https:\/\/locamaxime.com\/index.php\/location-appartements-sainte-maxime\/#primaryimage"},"image":{"@id":"https:\/\/locamaxime.com\/index.php\/location-appartements-sainte-maxime\/#primaryimage"},"thumbnailUrl":"https:\/\/locamaxime.com\/wp-content\/uploads\/2024\/05\/icon-locamaxime.png","datePublished":"2016-02-06T15:47:34+00:00","dateModified":"2025-04-18T15:51:18+00:00","description":"Recherchez une location d'appartement \u00e0 Sainte-Maxime. Consultez nos appartements meubl\u00e9s en centre ville dans des r\u00e9sidences s\u00e9curis\u00e9es.","breadcrumb":{"@id":"https:\/\/locamaxime.com\/index.php\/location-appartements-sainte-maxime\/#breadcrumb"},"inLanguage":"fr-FR","potentialAction":[{"@type":"ReadAction","target":["https:\/\/locamaxime.com\/index.php\/location-appartements-sainte-maxime\/"]}]},{"@type":"ImageObject","inLanguage":"fr-FR","@id":"https:\/\/locamaxime.com\/index.php\/location-appartements-sainte-maxime\/#primaryimage","url":"https:\/\/locamaxime.com\/wp-content\/uploads\/2024\/05\/icon-locamaxime.png","contentUrl":"https:\/\/locamaxime.com\/wp-content\/uploads\/2024\/05\/icon-locamaxime.png","width":2108,"height":2109},{"@type":"BreadcrumbList","@id":"https:\/\/locamaxime.com\/index.php\/location-appartements-sainte-maxime\/#breadcrumb","itemListElement":[{"@type":"ListItem","position":1,"name":"Accueil","item":"https:\/\/locamaxime.com\/"},{"@type":"ListItem","position":2,"name":"Propri\u00e9t\u00e9s"}]},{"@type":"WebSite","@id":"https:\/\/locamaxime.com\/#website","url":"https:\/\/locamaxime.com\/","name":"Appartements \u00e0 louer \u00e0 Sainte-Maxime","description":"","potentialAction":[{"@type":"SearchAction","target":{"@type":"EntryPoint","urlTemplate":"https:\/\/locamaxime.com\/?s={search_term_string}"},"query-input":{"@type":"PropertyValueSpecification","valueRequired":true,"valueName":"search_term_string"}}],"inLanguage":"fr-FR"}]}},"_links":{"self":[{"href":"https:\/\/locamaxime.com\/index.php\/wp-json\/wp\/v2\/pages\/386","targetHints":{"allow":["GET"]}}],"collection":[{"href":"https:\/\/locamaxime.com\/index.php\/wp-json\/wp\/v2\/pages"}],"about":[{"href":"https:\/\/locamaxime.com\/index.php\/wp-json\/wp\/v2\/types\/page"}],"author":[{"embeddable":true,"href":"https:\/\/locamaxime.com\/index.php\/wp-json\/wp\/v2\/users\/1"}],"replies":[{"embeddable":true,"href":"https:\/\/locamaxime.com\/index.php\/wp-json\/wp\/v2\/comments?post=386"}],"version-history":[{"count":6,"href":"https:\/\/locamaxime.com\/index.php\/wp-json\/wp\/v2\/pages\/386\/revisions"}],"predecessor-version":[{"id":1625,"href":"https:\/\/locamaxime.com\/index.php\/wp-json\/wp\/v2\/pages\/386\/revisions\/1625"}],"wp:featuredmedia":[{"embeddable":true,"href":"https:\/\/locamaxime.com\/index.php\/wp-json\/wp\/v2\/media\/1566"}],"wp:attachment":[{"href":"https:\/\/locamaxime.com\/index.php\/wp-json\/wp\/v2\/media?parent=386"}],"curies":[{"name":"wp","href":"https:\/\/api.w.org\/{rel}","templated":true}]}}